ase 7) to base 10.
87606
What is -137b821 (base 12) in base 9?
-7300717
What is 43213041 (base 5) in base 9?
617844
Convert -1541221 (base 8) to base 3.
-211111201100
What is -231033123 (base 5) in base 15?
-156378
What is 133113302222 (base 4) in base 11?
4707826
What is -108d46 (base 14) in base 6?
-20015350
What is -354090 (base 11) in base 13?
-16891c
What is 731347 (base 9) in base 12?
18b221
12070329 (base 10) to base 12
4061189
Convert 815626 (base 10) to base 15.
111a01
355554 (base 7) to base 12
31349
12425021 (base 6) to base 5
101024122
Convert 222010010222022 (base 3) to base 12.
4794098
Convert 432411305 (base 6) to base 13.
1790840
-1121322021 (base 4) to base 15
-741b0
Convert 1b7a0a (base 13) to base 15.
dd263
Convert -256b3 (base 13) to base 16.
-10e93
Convert 42965 (base 12) to base 11.
5aa44
20533625 (base 7) to base 15
2456cb
-432203202 (base 5) to base 13
-4c31a8
What is -755143 (base 11) in base 6?
-41513425
What is -8288163 (base 10) in base 2?
-11111100111011110100011
-222021021001 (base 3) to base 4
-1332032323
Convert 36132 (base 9) to base 4.
11321213
What is -614805 (base 10) in base 14?
-1200a9
Convert -1341410 (base 5) to base 2.
-110110001010010
Convert 1611200 (base 7) to base 5.
24040313
What is -254431 (base 8) in base 7?
-515365
What is 33332023 (base 7) in base 14?
550383
What is -22210100110 (base 3) in base 10?
-173028
8b336 (base 15) to base 5
103132401
What is 2241b (base 13) in base 11?
42820
4299bc (base 15) to base 14
5c7a35
What is -10011022122 (base 3) in base 7?
-346223
Convert -4760b8 (base 12) to base 6.
-40400352
What is -33342021 (base 5) in base 14?
-78cc2
418167 (base 11) to base 5
132412222
What is -12a82bc (base 13) in base 16?
-599db2
Convert 634622 (base 8) to base 10.
211346
Convert -6111112 (base 8) to base 6.
-54303054
What is 1001000010000000010101 (base 2) in base 13?
64b7c1
84339 (base 10) to base 5
10144324
Convert 1625160 (base 8) to base 9.
785165
1220130102 (base 4) to base 16
68712
10908 (base 15) to base 9
80208
Convert -925b1 (base 13) to base 2.
-1000000000100100000
What is 27809 (base 12) in base 9?
83060
What is 1d3c2 (base 14) in base 4?
102101132
Convert -1226584 (base 9) to base 15.
-d2bb1
What is 737b (base 16) in base 14?
aab9
Convert -693b8 (base 12) to base 7.
-1123511
Convert -22220210022 (base 3) to base 12.
-856bb
Convert 4444031 (base 5) to base 15.
181b1
-4800171 (base 10) to base 8
-22237253
What is -5416204 (base 7) in base 15?
-d0874
What is 123404340 (base 5) in base 2?
10010100001001111101
Convert 6cc6c9 (base 14) to base 16.
38cbe9
Convert 912291 (base 12) to base 13.
6136ba
Convert -5047809 (base 10) to base 4.
-103100120001
Convert -1ca63c4 (base 13) to base 10.
-9581784
Convert -6dfb3 (base 16) to base 12.
-198843
4650bb (base 12) to base 10
1128527
41238 (base 13) to base 16
1c85a
What is 246563 (base 11) in base 8?
1370316
39b5 (base 15) to base 10
12320
-37111434 (base 8) to base 14
-112739a
What is 3222003 (base 4) in base 14?
565d
20100221000 (base 3) to base 7
1031256
What is -12212012111210 (base 3) in base 11?
-18375a7
27d64a (base 16) to base 4
21331121022
What is -3037a0 (base 12) in base 3?
-1102020122210
Convert -ad7f6 (base 16) to base 2.
-10101101011111110110
Convert -665012 (base 7) to base 15.
-249d2
Convert 21113440 (base 5) to base 11.
11035a
Convert -a46941 (base 14) to base 15.
-749779
Convert -3cb21 (base 13) to base 12.
-55b25
What is 20a32 (base 16) in base 6?
2510522
Convert 434213242 (base 5) to base 9.
3454557
Convert -1102001202 (base 3) to base 9.
-42052
Convert -1230421420 (base 5) to base 8.
-13301517
Convert 167727 (base 9) to base 8.
313256
Convert 100100000001010 (base 2) to base 13.
8518
What is 713336 (base 13) in base 7?
31252334
What is -10001101010000111 (base 2) in base 14?
-1c503
-1117524 (base 11) to base 6
-105541041
What is -100110010000010001110 (base 2) in base 16?
-13208e
What is -2573630 (base 9) in base 14?
-288946
What is 121435 (base 11) in base 8?
567272
Convert 1011110101101011111 (base 2) to base 8.
1365537
1111110101111100 (base 2) to base 16
fd7c
Convert -13e59 (base 15) to base 9.
-106683
2021662 (base 7) to base 5
30201111
What is -301023310 (base 4) in base 14?
-535c0
-6e9b8a (base 16) to base 5
-3323430103
Convert 2011300101 (base 4) to base 7.
4441152
What is -f4694 (base 16) in base 4?
-3310122110
What is -1001110111100000100100 (base 2) in base 13?
-6c748b
Convert -113323203 (base 4) to base 10.
-98019
What is 3513392 (base 10) in base 12?
1215268
140ad1 (base 14) to base 2
10101001010101111111
30a7a2 (base 11) to base 2
1111001011100001110
1231033 (base 5) to base 10
23893
Convert -71427c (base 15) to base 12.
-1975739
-2aa98 (base 12) to base 9
-101648
What is -2234226 (base 9) in base 7?
-13142343
-120021101 (base 3) to base 6
-123314
What is 15670 (base 11) in base 15?
6834
-107e6d (base 16) to base 14
-201d01
Convert -100011011111100001010110 (base 2) to base 9.
-18450804
What is -517116 (base 13) in base 14?
-3768c9
Convert -19a0545 (base 11) to base 16.
-336494
Convert -2af5f (base 16) to base 10.
-175967
Convert a872b (base 13) to base 12.
1281b2
Convert -10612110 (base 7) to base 5.
-214140103
Convert -11320121312 (base 4) to base 13.
-41c9a2
8831a7 (base 11) to base 14
289a99
Convert 6134321 (base 8) to base 15.
2200bc
-536330 (base 7) to base 10
-93464
Convert 24321420 (base 5) to base 8.
700352
Convert -248e0 (base 16) to base 13.
-531c7
Convert 2002143 (base 5) to base 7.
160656
Convert 44aa27 (base 11) to base 15.
e2812
147735 (base 13) to base 3
221111210220
Convert 1111111011110110111100 (base 2) to base 9.
7766208
What is -10022220212 (base 3) in base 2?
-10000000000010000
1212000331 (base 4) to base 2
1100110000000111101
100001011110100 (base 2) to base 7
100654
-200233 (base 7) to base 10
-33736
Convert 2120102021001 (base 3) to base 6.
45141344
Convert 1314243144 (base 5) to base 11.
1937450
-12021000110 (base 3) to base 5
-11303110
Convert -201101112 (base 4) to base 10.
-136278
10022212001020 (base 3) to base 10
1768587
Convert 6d02 (base 16) to base 4.
12310002
Convert -1010000100010111001 (base 2) to base 16.
-508b9
What is e7d88 (base 16) in base 9?
1706585
What is 126757 (base 9) in base 8?
226554
What is -4424606 (base 10) in base 5?
-2113041411
What is 214456 (base 8) in base 15?
164dc
What is -14521302 (base 6) in base 4?
-1330013012
What is -21102 (base 7) in base 11?
-39a4
Convert 86db6 (base 16) to base 13.
164564
-5b0113 (base 15) to base 9
-8165500
What is 130544300 (base 6) in base 12?
a38090
-8dc21 (base 14) to base 5
-42023011
-13077754 (base 8) to base 10
-2916332
530b05 (base 12) to base 6
44011205
What is -5376328 (base 9) in base 10?
-2884922
What is -113011220002 (base 4) in base 5?
-3022133404
Convert -1000010011101100101110 (base 2) to base 13.
-5b3380
25344763 (base 8) to base 11
31a00a5
-212e8 (base 16) to base 3
-20220102210
What is 43572735 (base 8) in base 9?
18558828
-2102355 (base 11) to base 3
-20222100101212
247277 (base 8) to base 6
1500423
Convert 2a2557 (base 14) to base 3.
2202111110101
What is 1147 (base 8) in base 10?
615
Convert 15318766 (base 9) to base 4.
131012320011
-6c2268 (base 13) to base 14
-4b0748
-30303440 (base 7) to base 6
-130021155
-11100111101101000000001 (base 2) to base 8
-34755001
Convert 175534 (base 8) to base 15.
140ed
-120411210 (base 6) to base 4
-20222232312
-1005120 (base 7) to base 11
-81800
Convert -89ee1 (base 15) to base 3.
-211021211111
Convert -166b0f (base 16) to base 7.
-15326244
Convert 1420332 (base 5) to base 12.
15077
Convert 1011011101001000101110 (base 2) to base 14.
58250a
What is 4da17 (base 15) in base 8?
745507
Convert -db1daa (base 14) to base 10.
-7419730
-10021120202122 (base 3) to base 5
-421243341
Convert 41333132 (base 8) to base 5.
4220403340
What is 2323721 (base 13) in base 10?
10832420
113201103 (base 4) to base 11
66421
Convert 100000101100111000 (base 2) to base 14.
36b56
What is -55634016 (base 7) in base 14?
-8d4c46
Convert 34334031 (base 5) to base 8.
1132641
Convert -35120 (base 16) to base 8.
-650440
Convert 112331220 (base 5) to base 6.
14543431
10000000010101011110 (base 2) to base 16
8055e
3321222121 (base 4) to base 12
413961
-5116522 (base 8) to base 10
-1350994
1